{"id":181,"date":"2026-03-30T07:19:28","date_gmt":"2026-03-30T07:19:28","guid":{"rendered":"https:\/\/sanit-bud.com\/?page_id=181"},"modified":"2026-03-30T07:38:29","modified_gmt":"2026-03-30T07:38:29","slug":"sponsoring-i-spoleczna-odpowiedzialnosc-biznesu","status":"publish","type":"page","link":"https:\/\/sanit-bud.com\/?page_id=181","title":{"rendered":"Sponsoring i Spo\u0142eczna Odpowiedzialno\u015b\u0107 Biznesu"},"content":{"rendered":"\t\t<div data-elementor-type=\"wp-page\" data-elementor-id=\"181\" class=\"elementor elementor-181\" data-elementor-post-type=\"page\">\n\t\t\t\t<div class=\"elementor-element elementor-element-43450676 e-con-full e-flex e-con e-parent\" data-id=\"43450676\" data-element_type=\"container\" data-e-type=\"container\" data-settings=\"{&quot;background_background&quot;:&quot;classic&quot;}\">\n\t\t\t\t<div class=\"elementor-element elementor-element-550f6ac elementor-widget elementor-widget-heading\" data-id=\"550f6ac\" data-element_type=\"widget\" data-e-type=\"widget\" data-widget_type=\"heading.default\">\n\t\t\t\t<div class=\"elementor-widget-container\">\n\t\t\t\t\t<h2 class=\"elementor-heading-title elementor-size-default\">SPONSORING<\/h2>\t\t\t\t<\/div>\n\t\t\t\t<\/div>\n\t\t\t\t<\/div>\n\t\t<div class=\"elementor-element elementor-element-570006c1 e-flex e-con-boxed e-con e-parent\" data-id=\"570006c1\" data-element_type=\"container\" data-e-type=\"container\">\n\t\t\t\t\t<div class=\"e-con-inner\">\n\t\t\t\t<div class=\"elementor-element elementor-element-129c4fdc elementor-widget elementor-widget-heading\" data-id=\"129c4fdc\" data-element_type=\"widget\" data-e-type=\"widget\" data-widget_type=\"heading.default\">\n\t\t\t\t<div class=\"elementor-widget-container\">\n\t\t\t\t\t<h2 class=\"elementor-heading-title elementor-size-default\">Budujemy nie tylko infrastruktur\u0119. Budujemy lokaln\u0105 spo\u0142eczno\u015b\u0107.<\/h2>\t\t\t\t<\/div>\n\t\t\t\t<\/div>\n\t\t\t\t\t<\/div>\n\t\t\t\t<\/div>\n\t\t<div class=\"elementor-element elementor-element-a1bb054 e-flex e-con-boxed e-con e-parent\" data-id=\"a1bb054\" data-element_type=\"container\" data-e-type=\"container\">\n\t\t\t\t\t<div class=\"e-con-inner\">\n\t\t\t\t<div class=\"elementor-element elementor-element-d0be9d1 elementor-widget elementor-widget-text-editor\" data-id=\"d0be9d1\" data-element_type=\"widget\" data-e-type=\"widget\" data-widget_type=\"text-editor.default\">\n\t\t\t\t<div class=\"elementor-widget-container\">\n\t\t\t\t\t\t\t\t\t<p data-path-to-node=\"12\">Jako <b data-path-to-node=\"12\" data-index-in-node=\"5\">Zak\u0142ad Instalacyjno-Budowlany SANIT-BUD<\/b>, od lat realizujemy wa\u017cne inwestycje w D\u0105browie Tarnowskiej i ca\u0142ym regionie. Wiemy jednak, \u017ce rozw\u00f3j to nie tylko nowoczesne sieci wodoci\u0105gowe czy kanalizacyjne \u2013 to przede wszystkim ludzie.<\/p><p data-path-to-node=\"13\">Dlatego z dum\u0105 anga\u017cujemy si\u0119 w \u017cycie naszej spo\u0142eczno\u015bci, dziel\u0105c si\u0119 naszym sukcesem z tymi, kt\u00f3rzy maj\u0105 pasj\u0119 i ch\u0119ci do dzia\u0142ania. Spo\u0142eczna Odpowiedzialno\u015b\u0107 Biznesu (CSR) to dla nas naturalny element prowadzenia dzia\u0142alno\u015bci.<\/p>\t\t\t\t\t\t\t\t<\/div>\n\t\t\t\t<\/div>\n\t\t\t\t\t<\/div>\n\t\t\t\t<\/div>\n\t\t<div class=\"elementor-element elementor-element-2ded1ac2 e-flex e-con-boxed e-con e-parent\" data-id=\"2ded1ac2\" data-element_type=\"container\" data-e-type=\"container\">\n\t\t\t\t\t<div class=\"e-con-inner\">\n\t\t\t\t<div class=\"elementor-element elementor-element-5b2e80bb elementor-widget elementor-widget-heading\" data-id=\"5b2e80bb\" data-element_type=\"widget\" data-e-type=\"widget\" data-widget_type=\"heading.default\">\n\t\t\t\t<div class=\"elementor-widget-container\">\n\t\t\t\t\t<h2 class=\"elementor-heading-title elementor-size-default\">Wspieramy sportowe pasje<\/h2>\t\t\t\t<\/div>\n\t\t\t\t<\/div>\n\t\t\t\t\t<\/div>\n\t\t\t\t<\/div>\n\t\t<div class=\"elementor-element elementor-element-1db8a638 e-flex e-con-boxed e-con e-parent\" data-id=\"1db8a638\" data-element_type=\"container\" data-e-type=\"container\" data-settings=\"{&quot;background_background&quot;:&quot;classic&quot;}\">\n\t\t\t\t\t<div class=\"e-con-inner\">\n\t\t<div class=\"elementor-element elementor-element-35025745 e-con-full e-flex e-con e-child\" data-id=\"35025745\" data-element_type=\"container\" data-e-type=\"container\" data-settings=\"{&quot;background_background&quot;:&quot;classic&quot;}\">\n\t\t\t\t<div class=\"elementor-element elementor-element-4d726501 elementor-widget elementor-widget-image\" data-id=\"4d726501\" data-element_type=\"widget\" data-e-type=\"widget\" data-widget_type=\"image.default\">\n\t\t\t\t<div class=\"elementor-widget-container\">\n\t\t\t\t\t\t\t\t\t\t\t\t\t\t\t<img fetchpriority=\"high\" decoding=\"async\" width=\"800\" height=\"806\" src=\"https:\/\/sanit-bud.com\/wp-content\/uploads\/2026\/03\/boks-1-1017x1024.jpg\" class=\"attachment-large size-large wp-image-187\" alt=\"\" srcset=\"https:\/\/sanit-bud.com\/wp-content\/uploads\/2026\/03\/boks-1-1017x1024.jpg 1017w, https:\/\/sanit-bud.com\/wp-content\/uploads\/2026\/03\/boks-1-298x300.jpg 298w, https:\/\/sanit-bud.com\/wp-content\/uploads\/2026\/03\/boks-1-150x150.jpg 150w, https:\/\/sanit-bud.com\/wp-content\/uploads\/2026\/03\/boks-1-768x773.jpg 768w, https:\/\/sanit-bud.com\/wp-content\/uploads\/2026\/03\/boks-1.jpg 1440w\" sizes=\"(max-width: 800px) 100vw, 800px\" \/>\t\t\t\t\t\t\t\t\t\t\t\t\t\t\t<\/div>\n\t\t\t\t<\/div>\n\t\t\t\t<\/div>\n\t\t<div class=\"elementor-element elementor-element-cb4818a e-con-full e-flex e-con e-child\" data-id=\"cb4818a\" data-element_type=\"container\" data-e-type=\"container\" data-settings=\"{&quot;background_background&quot;:&quot;classic&quot;}\">\n\t\t\t\t<div class=\"elementor-element elementor-element-225c1ce5 elementor-widget elementor-widget-text-editor\" data-id=\"225c1ce5\" data-element_type=\"widget\" data-e-type=\"widget\" data-widget_type=\"text-editor.default\">\n\t\t\t\t<div class=\"elementor-widget-container\">\n\t\t\t\t\t\t\t\t\t<p data-path-to-node=\"12\">Wierzymy, \u017ce sport uczy wytrwa\u0142o\u015bci, pracy zespo\u0142owej i d\u0105\u017cenia do celu \u2013 warto\u015bci, kt\u00f3re s\u0105 nam bliskie w codziennej pracy na budowie. Z przyjemno\u015bci\u0105 wspieramy lokalne kluby i inicjatywy sportowe, pomagaj\u0105c m\u0142odym talentom w rozwijaniu skrzyde\u0142.<\/p>\t\t\t\t\t\t\t\t<\/div>\n\t\t\t\t<\/div>\n\t\t\t\t<\/div>\n\t\t\t\t\t<\/div>\n\t\t\t\t<\/div>\n\t\t\t\t<\/div>\n\t\t","protected":false},"excerpt":{"rendered":"<p>SPONSORING Budujemy nie tylko infrastruktur\u0119. Budujemy lokaln\u0105 spo\u0142eczno\u015b\u0107. Jako Zak\u0142ad Instalacyjno-Budowlany SANIT-BUD, od lat realizujemy wa\u017cne inwestycje w D\u0105browie Tarnowskiej i ca\u0142ym regionie. Wiemy jednak, \u017ce rozw\u00f3j to nie tylko nowoczesne sieci wodoci\u0105gowe czy kanalizacyjne \u2013 to przede wszystkim ludzie. Dlatego z dum\u0105 anga\u017cujemy si\u0119 w \u017cycie naszej spo\u0142eczno\u015bci, dziel\u0105c si\u0119 naszym sukcesem z tymi, [&hellip;]<\/p>\n","protected":false},"author":1,"featured_media":0,"parent":0,"menu_order":0,"comment_status":"closed","ping_status":"closed","template":"","meta":{"footnotes":""},"class_list":["post-181","page","type-page","status-publish","hentry"],"_links":{"self":[{"href":"https:\/\/sanit-bud.com\/index.php?rest_route=\/wp\/v2\/pages\/181","targetHints":{"allow":["GET"]}}],"collection":[{"href":"https:\/\/sanit-bud.com\/index.php?rest_route=\/wp\/v2\/pages"}],"about":[{"href":"https:\/\/sanit-bud.com\/index.php?rest_route=\/wp\/v2\/types\/page"}],"author":[{"embeddable":true,"href":"https:\/\/sanit-bud.com\/index.php?rest_route=\/wp\/v2\/users\/1"}],"replies":[{"embeddable":true,"href":"https:\/\/sanit-bud.com\/index.php?rest_route=%2Fwp%2Fv2%2Fcomments&post=181"}],"version-history":[{"count":7,"href":"https:\/\/sanit-bud.com\/index.php?rest_route=\/wp\/v2\/pages\/181\/revisions"}],"predecessor-version":[{"id":200,"href":"https:\/\/sanit-bud.com\/index.php?rest_route=\/wp\/v2\/pages\/181\/revisions\/200"}],"wp:attachment":[{"href":"https:\/\/sanit-bud.com\/index.php?rest_route=%2Fwp%2Fv2%2Fmedia&parent=181"}],"curies":[{"name":"wp","href":"https:\/\/api.w.org\/{rel}","templated":true}]}}