{"id":201,"date":"2026-03-30T07:41:53","date_gmt":"2026-03-30T07:41:53","guid":{"rendered":"https:\/\/sanit-bud.com\/?page_id=201"},"modified":"2026-03-30T10:59:35","modified_gmt":"2026-03-30T10:59:35","slug":"realizacje","status":"publish","type":"page","link":"https:\/\/sanit-bud.com\/?page_id=201","title":{"rendered":"Realizacje"},"content":{"rendered":"\t\t<div data-elementor-type=\"wp-page\" data-elementor-id=\"201\" class=\"elementor elementor-201\" data-elementor-post-type=\"page\">\n\t\t\t\t<div class=\"elementor-element elementor-element-23714194 e-con-full e-flex e-con e-parent\" data-id=\"23714194\" data-element_type=\"container\" data-e-type=\"container\" data-settings=\"{&quot;background_background&quot;:&quot;classic&quot;}\">\n\t\t\t\t<div class=\"elementor-element elementor-element-45653797 elementor-widget elementor-widget-heading\" data-id=\"45653797\" data-element_type=\"widget\" data-e-type=\"widget\" data-widget_type=\"heading.default\">\n\t\t\t\t<div class=\"elementor-widget-container\">\n\t\t\t\t\t<h2 class=\"elementor-heading-title elementor-size-default\">Realizacje<\/h2>\t\t\t\t<\/div>\n\t\t\t\t<\/div>\n\t\t\t\t<\/div>\n\t\t\t\t<section class=\"elementor-section elementor-top-section elementor-element elementor-element-78780a39 elementor-section-boxed elementor-section-height-default elementor-section-height-default\" data-id=\"78780a39\" data-element_type=\"section\" data-e-type=\"section\">\n\t\t\t\t\t\t<div class=\"elementor-container elementor-column-gap-default\">\n\t\t\t\t\t<div class=\"elementor-column elementor-col-100 elementor-top-column elementor-element elementor-element-42bafcad\" data-id=\"42bafcad\" data-element_type=\"column\" data-e-type=\"column\">\n\t\t\t<div class=\"elementor-widget-wrap elementor-element-populated\">\n\t\t\t\t\t\t<div class=\"elementor-element elementor-element-555e8334 elementor-grid-3 elementor-grid-tablet-2 elementor-grid-mobile-1 elementor-posts--thumbnail-top elementor-card-shadow-yes elementor-posts__hover-gradient elementor-widget elementor-widget-posts\" data-id=\"555e8334\" data-element_type=\"widget\" data-e-type=\"widget\" data-settings=\"{&quot;cards_masonry&quot;:&quot;yes&quot;,&quot;cards_columns&quot;:&quot;3&quot;,&quot;cards_columns_tablet&quot;:&quot;2&quot;,&quot;cards_columns_mobile&quot;:&quot;1&quot;,&quot;cards_row_gap&quot;:{&quot;unit&quot;:&quot;px&quot;,&quot;size&quot;:35,&quot;sizes&quot;:[]},&quot;cards_row_gap_tablet&quot;:{&quot;unit&quot;:&quot;px&quot;,&quot;size&quot;:&quot;&quot;,&quot;sizes&quot;:[]},&quot;cards_row_gap_mobile&quot;:{&quot;unit&quot;:&quot;px&quot;,&quot;size&quot;:&quot;&quot;,&quot;sizes&quot;:[]}}\" data-widget_type=\"posts.cards\">\n\t\t\t\t<div class=\"elementor-widget-container\">\n\t\t\t\t\t\t\t<div class=\"elementor-posts-container elementor-posts elementor-posts--skin-cards elementor-grid\" role=\"list\">\n\t\t\t\t<article class=\"elementor-post elementor-grid-item post-170 post type-post status-publish format-standard has-post-thumbnail hentry category-realizacje\" role=\"listitem\">\n\t\t\t<div class=\"elementor-post__card\">\n\t\t\t\t<a class=\"elementor-post__thumbnail__link\" href=\"https:\/\/sanit-bud.com\/?p=170\" tabindex=\"-1\" ><div class=\"elementor-post__thumbnail\"><img fetchpriority=\"high\" decoding=\"async\" width=\"300\" height=\"225\" src=\"https:\/\/sanit-bud.com\/wp-content\/uploads\/2026\/03\/zdjecie41670-300x225.jpg\" class=\"attachment-medium size-medium wp-image-235\" alt=\"\" srcset=\"https:\/\/sanit-bud.com\/wp-content\/uploads\/2026\/03\/zdjecie41670-300x225.jpg 300w, https:\/\/sanit-bud.com\/wp-content\/uploads\/2026\/03\/zdjecie41670-768x576.jpg 768w, https:\/\/sanit-bud.com\/wp-content\/uploads\/2026\/03\/zdjecie41670.jpg 900w\" sizes=\"(max-width: 300px) 100vw, 300px\" \/><\/div><\/a>\n\t\t\t\t<div class=\"elementor-post__badge\">Realizacje<\/div>\n\t\t\t\t<div class=\"elementor-post__text\">\n\t\t\t\t<h3 class=\"elementor-post__title\">\n\t\t\t<a href=\"https:\/\/sanit-bud.com\/?p=170\" >\n\t\t\t\tBudowa kanalizacji w Pasiece Otfinowskiej\t\t\t<\/a>\n\t\t<\/h3>\n\t\t\t\t<div class=\"elementor-post__excerpt\">\n\t\t\t<p>W styczniu zosta\u0142a podpisana umowa na zadanie pn.: \u201cBudowa kanalizacji sanitarnej wmiejscowo\u015bci Pasieka Otfinowska\u201d.Inwestycja wsp\u00f3\u0142finansowana jest ze \u015brodk\u00f3w Unii Europejskiej<\/p>\n\t\t<\/div>\n\t\t\n\t\t<a class=\"elementor-post__read-more\" href=\"https:\/\/sanit-bud.com\/?p=170\" aria-label=\"Read more about Budowa kanalizacji w Pasiece Otfinowskiej\" tabindex=\"-1\" >\n\t\t\tCzytaj wi\u0119cej \u00bb\t\t<\/a>\n\n\t\t\t\t<\/div>\n\t\t\t\t\t<\/div>\n\t\t<\/article>\n\t\t\t\t<article class=\"elementor-post elementor-grid-item post-167 post type-post status-publish format-standard has-post-thumbnail hentry category-realizacje\" role=\"listitem\">\n\t\t\t<div class=\"elementor-post__card\">\n\t\t\t\t<a class=\"elementor-post__thumbnail__link\" href=\"https:\/\/sanit-bud.com\/?p=167\" tabindex=\"-1\" ><div class=\"elementor-post__thumbnail\"><img decoding=\"async\" width=\"300\" height=\"139\" src=\"https:\/\/sanit-bud.com\/wp-content\/uploads\/2026\/03\/podpisanie_umowy_1-300x139.jpg\" class=\"attachment-medium size-medium wp-image-168\" alt=\"\" srcset=\"https:\/\/sanit-bud.com\/wp-content\/uploads\/2026\/03\/podpisanie_umowy_1-300x139.jpg 300w, https:\/\/sanit-bud.com\/wp-content\/uploads\/2026\/03\/podpisanie_umowy_1.jpg 640w\" sizes=\"(max-width: 300px) 100vw, 300px\" \/><\/div><\/a>\n\t\t\t\t<div class=\"elementor-post__badge\">Realizacje<\/div>\n\t\t\t\t<div class=\"elementor-post__text\">\n\t\t\t\t<h3 class=\"elementor-post__title\">\n\t\t\t<a href=\"https:\/\/sanit-bud.com\/?p=167\" >\n\t\t\t\tGMINA BOLES\u0141AW PODPISA\u0141A UMOW\u0118 NA ROZBUDOW\u0118 SIECI KANALIZACJI SANITARNEJ\t\t\t<\/a>\n\t\t<\/h3>\n\t\t\t\t<div class=\"elementor-post__excerpt\">\n\t\t\t<p>Gmina Boles\u0142aw w dniu 4.04.2023 r podpisa\u0142a umow\u0119 z Zak\u0142adem Instalacyjno \u2013 Budowlanym SANIT \u2013 BUD S.C. Jerzy i Andrzej<\/p>\n\t\t<\/div>\n\t\t\n\t\t<a class=\"elementor-post__read-more\" href=\"https:\/\/sanit-bud.com\/?p=167\" aria-label=\"Read more about GMINA BOLES\u0141AW PODPISA\u0141A UMOW\u0118 NA ROZBUDOW\u0118 SIECI KANALIZACJI SANITARNEJ\" tabindex=\"-1\" >\n\t\t\tCzytaj wi\u0119cej \u00bb\t\t<\/a>\n\n\t\t\t\t<\/div>\n\t\t\t\t\t<\/div>\n\t\t<\/article>\n\t\t\t\t<article class=\"elementor-post elementor-grid-item post-162 post type-post status-publish format-standard has-post-thumbnail hentry category-realizacje\" role=\"listitem\">\n\t\t\t<div class=\"elementor-post__card\">\n\t\t\t\t<a class=\"elementor-post__thumbnail__link\" href=\"https:\/\/sanit-bud.com\/?p=162\" tabindex=\"-1\" ><div class=\"elementor-post__thumbnail\"><img decoding=\"async\" width=\"300\" height=\"225\" src=\"https:\/\/sanit-bud.com\/wp-content\/uploads\/2026\/03\/IMG_1632-2048x1536-2-300x225.jpg\" class=\"attachment-medium size-medium wp-image-163\" alt=\"\" srcset=\"https:\/\/sanit-bud.com\/wp-content\/uploads\/2026\/03\/IMG_1632-2048x1536-2-300x225.jpg 300w, https:\/\/sanit-bud.com\/wp-content\/uploads\/2026\/03\/IMG_1632-2048x1536-2-1024x768.jpg 1024w, https:\/\/sanit-bud.com\/wp-content\/uploads\/2026\/03\/IMG_1632-2048x1536-2-768x576.jpg 768w, https:\/\/sanit-bud.com\/wp-content\/uploads\/2026\/03\/IMG_1632-2048x1536-2-1536x1152.jpg 1536w, https:\/\/sanit-bud.com\/wp-content\/uploads\/2026\/03\/IMG_1632-2048x1536-2.jpg 2048w\" sizes=\"(max-width: 300px) 100vw, 300px\" \/><\/div><\/a>\n\t\t\t\t<div class=\"elementor-post__badge\">Realizacje<\/div>\n\t\t\t\t<div class=\"elementor-post__text\">\n\t\t\t\t<h3 class=\"elementor-post__title\">\n\t\t\t<a href=\"https:\/\/sanit-bud.com\/?p=162\" >\n\t\t\t\tPodpisano umow\u0119 na budow\u0119 sieci kanalizacyjnej w miejscowo\u015bci Nieczajna G\u00f3rna\t\t\t<\/a>\n\t\t<\/h3>\n\t\t\t\t<div class=\"elementor-post__excerpt\">\n\t\t\t<p>7 sierpnia 2025 r. Burmistrz D\u0105browy Tarnowskiej podpisa\u0142 umow\u0119 wykonawcz\u0105 na realizacj\u0119 zadania pn. \u201eDobudowa sieci wodoci\u0105gowej i kanalizacji sanitarnej<\/p>\n\t\t<\/div>\n\t\t\n\t\t<a class=\"elementor-post__read-more\" href=\"https:\/\/sanit-bud.com\/?p=162\" aria-label=\"Read more about Podpisano umow\u0119 na budow\u0119 sieci kanalizacyjnej w miejscowo\u015bci Nieczajna G\u00f3rna\" tabindex=\"-1\" >\n\t\t\tCzytaj wi\u0119cej \u00bb\t\t<\/a>\n\n\t\t\t\t<\/div>\n\t\t\t\t\t<\/div>\n\t\t<\/article>\n\t\t\t\t<article class=\"elementor-post elementor-grid-item post-174 post type-post status-publish format-standard has-post-thumbnail hentry category-realizacje\" role=\"listitem\">\n\t\t\t<div class=\"elementor-post__card\">\n\t\t\t\t<a class=\"elementor-post__thumbnail__link\" href=\"https:\/\/sanit-bud.com\/?p=174\" tabindex=\"-1\" ><div class=\"elementor-post__thumbnail\"><img loading=\"lazy\" decoding=\"async\" width=\"300\" height=\"208\" src=\"https:\/\/sanit-bud.com\/wp-content\/uploads\/2026\/03\/obraz2022-04-01124743-7a8f9fae42-300x208.png\" class=\"attachment-medium size-medium wp-image-176\" alt=\"\" srcset=\"https:\/\/sanit-bud.com\/wp-content\/uploads\/2026\/03\/obraz2022-04-01124743-7a8f9fae42-300x208.png 300w, https:\/\/sanit-bud.com\/wp-content\/uploads\/2026\/03\/obraz2022-04-01124743-7a8f9fae42-768x532.png 768w, https:\/\/sanit-bud.com\/wp-content\/uploads\/2026\/03\/obraz2022-04-01124743-7a8f9fae42.png 926w\" sizes=\"(max-width: 300px) 100vw, 300px\" \/><\/div><\/a>\n\t\t\t\t<div class=\"elementor-post__badge\">Realizacje<\/div>\n\t\t\t\t<div class=\"elementor-post__text\">\n\t\t\t\t<h3 class=\"elementor-post__title\">\n\t\t\t<a href=\"https:\/\/sanit-bud.com\/?p=174\" >\n\t\t\t\tUmowa na budow\u0119 sieci i przy\u0142\u0105czy kanalizacji sanitarnej w miejscowo\u015bciach Szczucin i Lubasz, podpisana!\t\t\t<\/a>\n\t\t<\/h3>\n\t\t\t\t<div class=\"elementor-post__excerpt\">\n\t\t\t<p>25 stycznia w Urz\u0119dzie Miasta i Gminy Szczucin zosta\u0142a podpisana umowa na realizacj\u0119 zadania&nbsp;\u201eBudowa sieci i przy\u0142\u0105czy kanalizacji sanitarnej w&nbsp;miejscowo\u015bciach<\/p>\n\t\t<\/div>\n\t\t\n\t\t<a class=\"elementor-post__read-more\" href=\"https:\/\/sanit-bud.com\/?p=174\" aria-label=\"Read more about Umowa na budow\u0119 sieci i przy\u0142\u0105czy kanalizacji sanitarnej w miejscowo\u015bciach Szczucin i Lubasz, podpisana!\" tabindex=\"-1\" >\n\t\t\tCzytaj wi\u0119cej \u00bb\t\t<\/a>\n\n\t\t\t\t<\/div>\n\t\t\t\t\t<\/div>\n\t\t<\/article>\n\t\t\t\t<article class=\"elementor-post elementor-grid-item post-172 post type-post status-publish format-standard has-post-thumbnail hentry category-realizacje\" role=\"listitem\">\n\t\t\t<div class=\"elementor-post__card\">\n\t\t\t\t<a class=\"elementor-post__thumbnail__link\" href=\"https:\/\/sanit-bud.com\/?p=172\" tabindex=\"-1\" ><div class=\"elementor-post__thumbnail\"><img loading=\"lazy\" decoding=\"async\" width=\"200\" height=\"233\" src=\"https:\/\/sanit-bud.com\/wp-content\/uploads\/2026\/03\/352233144_1922177698148245_6229793762635888139_n.png\" class=\"attachment-medium size-medium wp-image-213\" alt=\"\" \/><\/div><\/a>\n\t\t\t\t<div class=\"elementor-post__badge\">Realizacje<\/div>\n\t\t\t\t<div class=\"elementor-post__text\">\n\t\t\t\t<h3 class=\"elementor-post__title\">\n\t\t\t<a href=\"https:\/\/sanit-bud.com\/?p=172\" >\n\t\t\t\tRozbudowa sieci wodoci\u0105gowej w Wietrzychowicach\t\t\t<\/a>\n\t\t<\/h3>\n\t\t\t\t<div class=\"elementor-post__excerpt\">\n\t\t\t<p>Zamawiaj\u0105cy&nbsp; Gmina Wietrzychowice , dzia\u0142aj\u0105c na mocy art. 92 ust. 1 ustawy&nbsp; z 29 stycznia 2004r. \u2013 Prawo zam\u00f3wie\u0144 publicznych&nbsp;<\/p>\n\t\t<\/div>\n\t\t\n\t\t<a class=\"elementor-post__read-more\" href=\"https:\/\/sanit-bud.com\/?p=172\" aria-label=\"Read more about Rozbudowa sieci wodoci\u0105gowej w Wietrzychowicach\" tabindex=\"-1\" >\n\t\t\tCzytaj wi\u0119cej \u00bb\t\t<\/a>\n\n\t\t\t\t<\/div>\n\t\t\t\t\t<\/div>\n\t\t<\/article>\n\t\t\t\t<\/div>\n\t\t\n\t\t\t\t\t\t<\/div>\n\t\t\t\t<\/div>\n\t\t\t\t\t<\/div>\n\t\t<\/div>\n\t\t\t\t\t<\/div>\n\t\t<\/section>\n\t\t<div class=\"elementor-element elementor-element-c1cc958 e-flex e-con-boxed e-con e-parent\" data-id=\"c1cc958\" data-element_type=\"container\" data-e-type=\"container\">\n\t\t\t\t\t<div class=\"e-con-inner\">\n\t\t\t\t\t<\/div>\n\t\t\t\t<\/div>\n\t\t\t\t<\/div>\n\t\t","protected":false},"excerpt":{"rendered":"<p>Realizacje<\/p>\n","protected":false},"author":1,"featured_media":0,"parent":0,"menu_order":0,"comment_status":"closed","ping_status":"closed","template":"","meta":{"footnotes":""},"class_list":["post-201","page","type-page","status-publish","hentry"],"_links":{"self":[{"href":"https:\/\/sanit-bud.com\/index.php?rest_route=\/wp\/v2\/pages\/201","targetHints":{"allow":["GET"]}}],"collection":[{"href":"https:\/\/sanit-bud.com\/index.php?rest_route=\/wp\/v2\/pages"}],"about":[{"href":"https:\/\/sanit-bud.com\/index.php?rest_route=\/wp\/v2\/types\/page"}],"author":[{"embeddable":true,"href":"https:\/\/sanit-bud.com\/index.php?rest_route=\/wp\/v2\/users\/1"}],"replies":[{"embeddable":true,"href":"https:\/\/sanit-bud.com\/index.php?rest_route=%2Fwp%2Fv2%2Fcomments&post=201"}],"version-history":[{"count":16,"href":"https:\/\/sanit-bud.com\/index.php?rest_route=\/wp\/v2\/pages\/201\/revisions"}],"predecessor-version":[{"id":312,"href":"https:\/\/sanit-bud.com\/index.php?rest_route=\/wp\/v2\/pages\/201\/revisions\/312"}],"wp:attachment":[{"href":"https:\/\/sanit-bud.com\/index.php?rest_route=%2Fwp%2Fv2%2Fmedia&parent=201"}],"curies":[{"name":"wp","href":"https:\/\/api.w.org\/{rel}","templated":true}]}}